ppose 5*a = -c + 3*a + s, 0 = 5*c - 3*a - 81. Suppose -3*k - 2*k - f + 130 = 0, -c = -3*f. Is k prime?
False
Let g(f) = 3*f**3 + 5*f**2 - 3*f + 1. Is g(3) composite?
True
Let j(y) = -y + 1. Let d be j(3). Let w be (213/6)/(d/(-8)). Is w + 1 - (-2 + -1) a composite number?
True
Suppose 1 = -3*w + 10. Suppose -2*g = w*k - 995, 0*k = k + 4*g - 315. Is k a composite number?
True
Let g = 17 - -4. Is g a composite number?
True
Suppose 85 = -d - 2*j - j, -2*d = -2*j + 146. Let b(i) = -i**3 - i**2 + 3*i + 3. Let r be b(-4). Let l = r - d. Is l composite?
True
Suppose -2*d - 445 + 1347 = 0. Is d composite?
True
Let w(p) = 46*p**2 - 16*p + 43. Is w(13) a prime number?
False
Suppose 890 = 3*o - 1483. Is o a prime number?
False
Suppose -5*z + 5 + 24 = -3*r, -4*r - 2*z = 4. Is (-4 - r)/1*-127 prime?
True
Let f = -29 + 61. Let o = -4 + -2. Let p = f + o. Is p composite?
True
Suppose -4*d - 2*x = -1068, -4*d + 0*x - 5*x = -1068. Is d a prime number?
False
Suppose s - 4*i - 57 = 0, -s - 3*s - 2*i + 210 = 0. Is (2 - 0)/(2/s) composite?
False
Suppose -m = 5*b - 4*m - 2350, m = -3*b + 1396. Let c = b - 287. Let l = -103 + c. Is l a prime number?
False
Suppose 2251 = 3*o + 4*n, 0 = -3*o - 5*n + 3484 - 1229. Is o a composite number?
True
Suppose 4*t - 1 = 15. Suppose 2*u - t*w = 199 + 495, 0 = 4*u + w - 1388. Is u prime?
True
Suppose 0 = -5*m + 4*h - 1660, -5*h + 96 = -m - 236. Let u = -171 - m. Is u a composite number?
True
Suppose 0 = -36*j + 38*j - 316. Is j composite?
True
Let f(w) = -w**3 + 6*w**2 - 6. Let z(g) = g**2 + 1. Suppose 4*t + 5 = 3*p, 0*p + 2 = -2*t + 2*p. Let a be z(t). Is f(a) composite?
False
Let i be -55*1/(5/(-3)). Let g(j) = j + 1. Let x be g(4). Suppose x*l = -i + 103. Is l composite?
True
Suppose 5*n = 37 - 12. Suppose -5*u + 197 = -0*u - l, n*l = -2*u + 68. Is u composite?
True
Suppose -4*a + 25 - 9 = 0. Let w be (a/6)/(2/(-12)). Let m(y) = -y**3 - 2*y**2 - 1. Is m(w) a composite number?
False
Is (0 + 3)*(13448/12 + 3) prime?
True
Let u = 595 - 350. Suppose 6*k - k + 13 = s, -3*k - 9 = -s. Suppose 0 = -s*l - 2*l + u. Is l prime?
False
Let k(w) = 5*w**2 - 2*w - 2. Let s be k(2). Let c = -5 + s. Suppose 14 + c = f. Is f composite?
False
Let r(y) = 2*y**2 + 14*y + 6. Let i be 1/(-4) - 175/20. Let d be r(i). Is d + -2 + 1 + 2 a prime number?
True
Suppose -6*h + 1211 + 907 = 0. Is h a prime number?
True
Let d(a) = 3*a**2 - 12*a + 10. Let f be d(11). Suppose -4*p = -f + 37. Is p a prime number?
False
Let x(c) = -48*c**3 + c + 5. Let t be x(-4). Suppose -5*f - t = -4*i - 4*f, 5*i + f = 3830. Is i composite?
True
Let p(b) = -b**2 - 4*b - 6. Let s be p(-6). Let y be (9/(-6) - -2)*10. Let j = y - s. Is j composite?
False
Let b be 135/((-9)/(-12)*2). Suppose -117 = -0*z - 5*z + 4*u, 5*u = 4*z - b. Let x = z + -2. Is x a composite number?
False
Let k = 4 + -1. Suppose k*i = 1 + 2. Is (340 - i) + 0 + -2 a composite number?
False
Let d(f) be the third derivative of -f**4/12 - 2*f**3/3 - 2*f**2. Let r be d(-4). Suppose y - 20 - 168 = -r*o, -4*y - 47 = -o. Is o a composite number?
False
Suppose 4*h + 1 = 3*h, 5*h + 200 = 3*g. Suppose -3*w - 3*k = -710 + g, -850 = -4*w + k. Is w composite?
True
Let i = 7 + -5. Suppose 0 = 2*w - 3*j - 3, -5*w + i*j = -3*j - 10. Suppose -1175 = -8*p + w*p. Is p a prime number?
False
Suppose -3*p + 5*p = 5*g + 74, 5*g + 121 = 3*p. Let n = p + -20. Suppose 2*w = -3*q + n, -6*w = -2*w - 3*q - 99. Is w a composite number?
True
Let a(m) = 1. Let b(y) = y**3 + y**2 - 1. Let v(l) = 3*a(l) + b(l). Is v(2) a prime number?
False
Let a = 717 - 506. Is a prime?
True
Let x(k) = 7*k**3 - k**2 + k - 13. Let z(b) = 11*b**3 - b**2 + b - 20. Let i(h) = -8*x(h) + 5*z(h). Let o be i(3). Let q(d) = -74*d + 1. Is q(o) a prime number?
False
Let g(z) = 82*z**2 - z. Is g(-1) a composite number?
False
Suppose 4*u - u - 18 = -3*a, -2*a + u = -12. Let k(f) = -18*f - 5. Let w be k(-5). Suppose w = x - a. Is x a prime number?
False
Suppose 0 = 2*t + 3*t - 190. Is t prime?
False
Suppose -f + 0 = -2. Let n = 4 + f. Suppose -53 = -y + 2*u - n*u, -2*u = 0. Is y prime?
True
Let w(q) = q - 5. Let n be w(8). Suppose 5*o = o - n*y - 7, -2*y - 12 = -o. Is (-26)/(o/(-1 - 0)) a prime number?
True
Let s(v) = 16*v**2 + 3*v + 1. Suppose 5*z = -5*x + 10, 0 + 16 = 4*x. Let h be s(z). Suppose 0 = -5*y + 2*u + h, 8 = -4*u - 0*u. Is y composite?
False
Let b(v) = 20*v - 14. Is b(8) prime?
False
Let i = -89 + 127. Suppose i = -z + 144. Is z composite?
True
Is 1/((-1900)/634 + 0 - -3) prime?
True
Let z be -1 - 3/(-3)*1. Suppose h + z*h - 2*j = -68, 65 = -h - j. Let d = h - -149. Is d composite?
False
Let z = 110 - -39. Is z a prime number?
True
Let p = 1467 - 3039. Let j = -811 - p. Is j a composite number?
False
Let v(z) = z**3 - 7*z**2 + 7*z - 11. Is v(12) prime?
False
Let v(d) = -240*d + 29. Is v(-3) prime?
False
Suppose 6*w - 2 - 10 = 0. Suppose -674 = -5*c + w*j, -5*j = 5 + 5. Is c composite?
True
Let g = 303 - 190. Is g a prime number?
True
Let j be 86*((-6)/4 + 2). Suppose 3*b - 32 - j = 0. Is b a prime number?
False
Suppose -4 = -b, 3*s - 709 = -5*b + 4*b. Is s a prime number?
False
Suppose -2*n = -n + 5*h - 696, 3*n = -3*h + 2100. Is n composite?
False
Suppose 5*j - 32 = -5*r - 107, -5*j - 55 = r. Let x = j + 18. Is 418/x + 3/4 prime?
True
Suppose -86 = -g + 109. Suppose g = o - d - d, 2*d - 211 = -o. Is o a composite number?
True
Let b(f) = f**3 + 5*f**2 + 2*f - 5. Let n be b(4). Suppose -5*x = 12 - n. Suppose x - 9 = 3*o. Is o prime?
False
Let f(b) = 2*b + 0 + 1 + 67*b**2 - 3*b + 0. Is f(1) a prime number?
True
Let b = 319 + -144. Is (0 - 2)*b/(-10) a prime number?
False
Let x(s) = -s**2 - 4*s + 3. Let m be x(-4). Let b be -2*m*(-7 - 0). Suppose -k = -5*f + 93, 3*f + 2*k - b = f. Is f prime?
True
Suppose -p - 3*p + 5*x + 212 = 0, x + 265 = 5*p. Is p composite?
False
Suppose 3*a - 36883 = -4*a. Is a prime?
False
Let y be (-1 - 1) + (4 - -2). Suppose -4*g - 3*i - 79 = 0, -3*g - 63 = y*i + 5. Let n = 165 + g. Is n a prime number?
True
Let t be (4/4)/((-1)/(-2)). Let d(p) = p**3 - 6*p**2 - p + 6. Let y be d(6). Suppose t*x + x - 255 = y. Is x a prime number?
False
Let z(m) = -m**3 - m - 7. Let j be z(-5). Suppose -5*q + q = -8. Suppose 5*y + j = 4*p, -q*y + 4*y = 10. Is p a prime number?
True
Let a = -26 + 105. Is a composite?
False
Suppose 4*i + 352 = 4*b, 0 = i + b + 3*b + 103. Let p = i - -324. Is p a composite number?
False
Is 1 + 123 + (1 - -2) a prime number?
True
Let j(r) = -3*r**2 - 3*r**3 - 7 + 2*r**2 - r + 3*r. Let o be j(-5). Suppose -5*c = 88 - o. Is c composite?
True
Let t(z) = 61*z**2 + 2*z - 2. Is t(-3) a composite number?
False
Let h = -10 + 15. Suppose -2*w - 577 = -h*q, 0 = -2*q + 7*q - 5*w - 580. Is q a prime number?
False
Suppose 2 = g, 0 = -p + 5*p - g - 658. Suppose 0 = -m - 4*m + p. Is m prime?
False
Is (-35)/(-1)*(-3)/(-5) composite?
True
Suppose 0*n = -n - 5. Let j(p) = -1. Let r(f) = 2*f**2 - 2*f - 3. Let o(t) = 4*j(t) + r(t). Is o(n) a composite number?
False
Suppose -709 = -5*a + 2*b, b - 106 = 3*a - 531. Is a composite?
True
Suppose -4*c = -2*g - 606, -g + 115 + 178 = 2*c. Is c composite?
False
Let h = -81 + 116. Is h composite?
True
Let k = 24 - 3. Let g = k + 106. Is g a composite number?
False
Let i = -4 - -3. Is (-2 - 0) + i - -88 a composite number?
True
Suppose 2*o + 4 + 4 = 0. Is ((-474)/(-12))/((-2)/o) composite?
False
Let p(x) = -3*x**2 - x + 2. Let t be p(-2). Let a = t - -11. Is a a prime number?
True
Let o = -6503 + 9994. Is o composite?
False
Suppose -3*l + 12 = -0*l. Suppose 0 = l*t + u + u - 626, t = 4*u + 161. Is t composite?
False
Let s(h) = -h**2 - h - 2. Let j be s(-1). Is (1/j)/(1/(-1442)) a prime number?
False
Let i be 2 - (1 + (-2 - 2)). Suppose 3*a - 15 = -g - 5, -3*a = -i*g + 86. Let s = g - 2. Is s prime?
False
Let h(w) = -w**2 - 4*w + 2. Let o be h(-7). Let m = 34 - 72. Let u = o - m. Is u prime?
True
Is (-12)/(-8) + -2*(-1031)/4 a composite number?
True
Suppose 2*b - 36 = 5*b. Let t be b/(-20) + 3042/5. Suppose -230 = 2*j - 5*s - t, 2*s = j - 189. Is j a prime number?
False
Let f = 179 + 240. Is f prime?
True
Let u(y) be the third derivative of -y**4/24 + 5*y**3/6 + y**2. Suppose 5*z = c - 15, 0 = -3*z - z + 3*c - 1. Is u(z) prime?
False
Let k = 9 - 2. Is 296 - (-2 + k + -2) composite?
False
Suppose p - 5*v +